e
Is 131395853 composite?
False
Is 4120457695 a composite number?
True
Is 270020417 prime?
True
Is 41493647759 prime?
False
Is 661423415 a prime number?
False
Is 268100377 prime?
False
Is 610346203 a prime number?
True
Is 3141985403 composite?
True
Is 221786579 a composite number?
True
Is 29317651789 composite?
False
Is 12942856679 a composite number?
True
Is 47185753 composite?
True
Is 573726991 prime?
True
Is 26237231929 a composite number?
False
Is 780438803 a composite number?
True
Is 1413253037 a prime number?
False
Is 4389343063 composite?
True
Is 2601892859 a composite number?
True
Is 208345741 a prime number?
True
Is 2495076253 a composite number?
False
Is 345557841 composite?
True
Is 3213823193 composite?
True
Is 19139436457 a composite number?
True
Is 2691986257 composite?
True
Is 281549227 a composite number?
False
Is 30051240661 prime?
False
Is 1699903463 composite?
True
Is 178900134923 prime?
True
Is 1245590627 prime?
True
Is 102287766107 prime?
False
Is 1830449297 a prime number?
True
Is 737322829 composite?
True
Is 5250558011 prime?
False
Is 314177637 prime?
False
Is 126338879 prime?
False
Is 169510566427 a prime number?
True
Is 3613331481 prime?
False
Is 2292068399 a prime number?
False
Is 13170797641 a composite number?
False
Is 205604286713 composite?
True
Is 30354272863 a composite number?
True
Is 1288113423 composite?
True
Is 1196753539 a composite number?
True
Is 5793603391 a prime number?
True
Is 788843813 prime?
False
Is 71855847649 composite?
False
Is 2404884367 a prime number?
False
Is 61852969427 a prime number?
False
Is 345198583 composite?
True
Is 21164500465 a prime number?
False
Is 6724492169 a composite number?
False
Is 3403814615 prime?
False
Is 14221387181 composite?
True
Is 52559097919 a composite number?
True
Is 19127186077 prime?
False
Is 84469283062 prime?
False
Is 168127081 a composite number?
False
Is 2609734781 a prime number?
True
Is 6499034947 a prime number?
True
Is 303082921 composite?
True
Is 205727357 a composite number?
True
Is 34429070887 prime?
True
Is 1784413979 prime?
True
Is 105278311 a composite number?
True
Is 17034380059 prime?
False
Is 13908721067 a prime number?
True
Is 242035627 a prime number?
True
Is 4984684655 a prime number?
False
Is 33270719479 a prime number?
False
Is 2111531171 a prime number?
True
Is 904646513 prime?
False
Is 15001163971 a prime number?
True
Is 8799768371 prime?
False
Is 6091594247 composite?
False
Is 289785647 prime?
True
Is 19838280383 a prime number?
False
Is 3149153599 a prime number?
True
Is 1190290021 composite?
False
Is 1129356341 a prime number?
False
Is 12880114229 a composite number?
False
Is 2300325253 a prime number?
True
Is 204334340173 composite?
True
Is 66644482343 prime?
False
Is 4833202903 composite?
True
Is 360313523 a composite number?
False
Is 107548005739 a prime number?
True
Is 61100152771 composite?
True
Is 100573993735 a prime number?
False
Is 9201017897 a composite number?
False
Is 81810679 a prime number?
False
Is 23422628981 a composite number?
False
Is 7119956101 prime?
True
Is 3909354049 a prime number?
True
Is 4241014699 prime?
False
Is 171465311 composite?
False
Is 39809830871 composite?
False
Is 4398623 a prime number?
True
Is 2684443415 prime?
False
Is 62659532563 prime?
True
Is 555589439 prime?
False
Is 6295127269 composite?
False
Is 26869090747 prime?
False
Is 7499012041 prime?
False
Is 1275904013 composite?
True
Is 1042420583 prime?
False
Is 16273877 prime?
True
Is 52852122431 composite?
False
Is 1480310317 a composite number?
False
Is 1523684167 a prime number?
True
Is 318840503 a prime number?
False
Is 51626958953 a composite number?
False
Is 353689613 prime?
False
Is 332082367 a composite number?
False
Is 1823511037 composite?
False
Is 18858075023 a composite number?
True
Is 242796881 a composite number?
False
Is 2726143949 composite?
False
Is 9327640559 a composite number?
False
Is 790620137 composite?
False
Is 4467615253 composite?
True
Is 1025461993 prime?
False
Is 45765903013 composite?
True
Is 4896931079 a composite number?
True
Is 714152807 composite?
True
Is 5802916789 a prime number?
True
Is 1258979053 a prime number?
False
Is 79113476171 prime?
True
Is 384401531 prime?
True
Is 514375051 prime?
True
Is 9523332967 a prime number?
False
Is 125877319 composite?
True
Is 7716206411 a prime number?
True
Is 331548839 prime?
False
Is 548070414103 prime?
True
Is 2569265561 a prime number?
True
Is 6925738711 a prime number?
True
Is 8584907209 a composite number?
False
Is 65065130371 composite?
False
Is 543104209 a composite number?
False
Is 6396223687 composite?
True
Is 9398171441 composite?
False
Is 168138982381 composite?
False
Is 326678461 composite?
False
Is 7984597523 a prime number?
False
Is 10398322741 composite?
False
Is 7287562379 a composite number?
True
Is 244326785 prime?
False
Is 832841699 a prime number?
False
Is 13258921777 a prime number?
True
Is 44126729315 a composite number?
True
Is 63177769849 a prime number?
False
Is 20180305571 a composite number?
False
Is 14772449 a prime number?
True
Is 269493053 prime?
False
Is 3079704553 composite?
False
Is 1296922741 prime?
False
Is 12389593841 a composite number?
True
Is 13576503509 prime?
True
Is 10447288489 a prime number?
False
Is 155235779 composite?
False
Is 8135949586 a composite number?
True
Is 33927765947 composite?
True
Is 3140124811 a prime number?
True
Is 574212461 a prime number?
True
Is 7590730477 a prime number?
False
Is 403632197 prime?
True
Is 272199488311 a prime number?
True
Is 1783001333 a prime number?
True
Is 7804627751 a prime number?
True
Is 1139779703 a prime number?
False
Is 71798449181 prime?
True
Is 6761719309 a prime number?
False
Is 7433484293 prime?
True
Is 9519274409 a prime number?
True
Is 2526399685 a prime number?
False
Is 13738529261 a prime number?
True
Is 54552569 composite?
False
Is 117098453 prime?
True
Is 4045493849 prime?
True
Is 1580236987 a composite number?
True
Is 556296599 a prime number?
True
Is 16954891 composite?
False
Is 25699449641 a composite number?
False
Is 80804653 a composite number?
False
Is 4900244021 composite?
False
Is 1280733823 composite?
True
Is 3126403585 a composite number?
True
Is 2076343499 prime?
False
Is 77815853 a prime number?
False
Is 1183393439 a composite number?
True
Is 8566231 composite?
True
Is 2930320123 composite?
True
Is 833329591 a prime number?
True
Is 5876458486 a composite number?
True
Is 3124500131 composite?
False
Is 5183311323 a composite number?
True
Is 1188214331 prime?
True
Is 760553221 a prime number?
True
Is 50244682667 a prime number?
False
Is 564544346 a composite number?
True
Is 326849093 a prime number?
False
Is 5130667777 a composite number?
True
Is 559415221 composite?
True
Is 5973432433 composite?
False
Is 2731764197 composite?
True
Is 1507990921 prime?
False
Is 13524844013 prime?
False
Is 488333603 a composite number?
False
Is 1765550473 a prime number?
True
Is 3160872389 prime?
True
Is 438667045 composite?
True
Is 18557105053 a prime number?
True
Is 34426619 a prime number?
True
Is 1855223507 a composite number?
False
Is 39101417801 composite?
False
Is 94089139021 a prime number?
True
Is 668200259 a composite number?
False
Is 2290905433 a composite number?
False
Is 54913599739 composite?
True
Is 11394207577 a prime number?
True
Is 1783179001 a composite number?
False
Is 802653529 a composite number?
False
Is 44489698007 prime?
False
Is 7887920609 prime?
False
Is 45273743 a prime number?
True
Is 1345109291 composite?
True
Is 394675991 composite?
False
Is 24815237371 a prime number?
False
Is 8650141867 prime?
False
Is 1182935519 prime?
False
Is 37458243881 a prime number?
True
Is 19652813149 composite?
True
Is 796103941 a prime number?
False
Is 17162934091 a prime number?
False
Is 8620108481 a prime number?
True
Is 758319889 prime?
False
Is 901015789 a prime number?
True
Is 2287595879 a composite number?
True
Is 887304917 a composite number?
False
Is 131608909 a composite number?
False
Is 5632947329 prime?
True
Is 112238219 a composite number?
False
Is 29495993099 a composite number?
True
Is 45354928445 a prime number?
False
Is 498912837 a composite number?
True
Is 1023234727 prime?
False
Is 26999960459 a composite number?
True
Is 30423825043 composite?
False
Is 